2, 7
What are the prime factors of 12373?
12373
What are the prime factors of 4191?
3, 11, 127
What are the prime factors of 3832?
2, 479
List the prime factors of 11691.
3, 433
What are the prime factors of 1493?
1493
What are the prime factors of 1922?
2, 31
What are the prime factors of 1916?
2, 479
List the prime factors of 22292.
2, 5573
What are the prime factors of 19092?
2, 3, 37, 43
What are the prime factors of 763?
7, 109
List the prime factors of 4761.
3, 23
What are the prime factors of 763?
7, 109
List the prime factors of 12929.
7, 1847
What are the prime factors of 37000?
2, 5, 37
List the prime factors of 5499.
3, 13, 47
What are the prime factors of 548?
2, 137
List the prime factors of 1877.
1877
What are the prime factors of 2043?
3, 227
List the prime factors of 30108.
2, 3, 13, 193
List the prime factors of 6989.
29, 241
What are the prime factors of 720?
2, 3, 5
List the prime factors of 57217.
29, 1973
List the prime factors of 1915.
5, 383
List the prime factors of 7669.
7669
What are the prime factors of 456?
2, 3, 19
List the prime factors of 2414.
2, 17, 71
List the prime factors of 3573.
3, 397
What are the prime factors of 58587?
3, 59, 331
What are the prime factors of 1727?
11, 157
What are the prime factors of 10052?
2, 7, 359
What are the prime factors of 760?
2, 5, 19
What are the prime factors of 2751?
3, 7, 131
List the prime factors of 15460.
2, 5, 773
What are the prime factors of 1349?
19, 71
List the prime factors of 13556.
2, 3389
List the prime factors of 500.
2, 5
What are the prime factors of 9649?
9649
List the prime factors of 24348.
2, 3, 2029
What are the prime factors of 2644?
2, 661
List the prime factors of 628.
2, 157
List the prime factors of 927.
3, 103
What are the prime factors of 277?
277
List the prime factors of 5504.
2, 43
What are the prime factors of 3312?
2, 3, 23
List the prime factors of 1138.
2, 569
What are the prime factors of 5059?
5059
What are the prime factors of 11931?
3, 41, 97
What are the prime factors of 871?
13, 67
List the prime factors of 598.
2, 13, 23
List the prime factors of 31723.
31723
List the prime factors of 6159.
3, 2053
What are the prime factors of 68846?
2, 29, 1187
List the prime factors of 5808.
2, 3, 11
What are the prime factors of 2091?
3, 17, 41
What are the prime factors of 5955?
3, 5, 397
List the prime factors of 2425.
5, 97
What are the prime factors of 7385?
5, 7, 211
List the prime factors of 18874.
2, 9437
What are the prime factors of 54111?
3, 17, 1061
What are the prime factors of 37666?
2, 37, 509
List the prime factors of 31530.
2, 3, 5, 1051
List the prime factors of 2121.
3, 7, 101
List the prime factors of 1434.
2, 3, 239
List the prime factors of 2801.
2801
List the prime factors of 25724.
2, 59, 109
List the prime factors of 33138.
2, 3, 7, 263
What are the prime factors of 37161?
3, 4129
List the prime factors of 11778.
2, 3, 13, 151
List the prime factors of 939.
3, 313
What are the prime factors of 10121?
29, 349
List the prime factors of 2626.
2, 13, 101
What are the prime factors of 23549?
23549
What are the prime factors of 119?
7, 17
What are the prime factors of 1576?
2, 197
What are the prime factors of 1904?
2, 7, 17
List the prime factors of 419.
419
What are the prime factors of 2989?
7, 61
What are the prime factors of 22559?
17, 1327
What are the prime factors of 124580?
2, 5, 6229
List the prime factors of 2021.
43, 47
What are the prime factors of 3101?
7, 443
List the prime factors of 51920.
2, 5, 11, 59
What are the prime factors of 15317?
17, 53
What are the prime factors of 21?
3, 7
List the prime factors of 2251.
2251
What are the prime factors of 1824?
2, 3, 19
List the prime factors of 32913.
3, 23, 53
List the prime factors of 1405.
5, 281
List the prime factors of 16102.
2, 83, 97
List the prime factors of 2482.
2, 17, 73
List the prime factors of 829.
829
List the prime factors of 26811.
3, 331
List the prime factors of 24142.
2, 12071
List the prime factors of 932.
2, 233
What are the prime factors of 67144?
2, 7, 11, 109
What are the prime factors of 1591?
37, 43
List the prime factors of 1145.
5, 229
List the prime factors of 83986.
2, 7, 857
List the prime factors of 3792.
2, 3, 79
What are the prime factors of 5078?
2, 2539
List the prime factors of 67752.
2, 3, 941
What are the prime factors of 22070?
2, 5, 2207
What are the prime factors of 20073?
3, 6691
List the prime factors of 6637.
6637
List the prime factors of 48.
2, 3
List the prime factors of 7291.
23, 317
What are the prime factors of 44098?
2, 17, 1297
What are the prime factors of 43575?
3, 5, 7, 83
What are the prime factors of 6726?
2, 3, 19, 59
What are the prime factors of 13889?
17, 19, 43
List the prime factors of 36360.
2, 3, 5, 101
What are the prime factors of 98086?
2, 49043
What are the prime factors of 112363?
112363
What are the prime factors of 30598?
2, 15299
What are the prime factors of 42825?
3, 5, 571
What are the prime factors of 578?
2, 17
List the prime factors of 2885.
5, 577
What are the prime factors of 23027?
23027
List the prime factors of 16510.
2, 5, 13, 127
What are the prime factors of 3005?
5, 601
What are the prime factors of 12?
2, 3
What are the prime factors of 12096?
2, 3, 7
List the prime factors of 37035.
3, 5, 823
What are the prime factors of 203?
7, 29
What are the prime factors of 5962?
2, 11, 271
List the prime factors of 4842.
2, 3, 269
List the prime factors of 951.
3, 317
List the prime factors of 2806.
2, 23, 61
List the prime factors of 159505.
5, 19, 23, 73
List the prime factors of 16466.
2, 8233
List the prime factors of 2809.
53
What are the prime factors of 1704?
2, 3, 71
What are the prime factors of 11001?
3, 19, 193
What are the prime factors of 1280?
2, 5
List the prime factors of 1019.
1019
What are the prime factors of 48?
2, 3
What are the prime factors of 3258?
2, 3, 181
List the prime factors of 2187.
3
List the prime factors of 9922.
2, 11, 41
What are the prime factors of 49225?
5, 11, 179
What are the prime factors of 1387?
19, 73
List the prime factors of 11171.
11171
List the prime factors of 875.
5, 7
List the prime factors of 6876.
2, 3, 191
List the prime factors of 14523.
3, 47, 103
What are the prime factors of 52909?
157, 337
List the prime factors of 1980.
2, 3, 5, 11
What are the prime factors of 1178?
2, 19, 31
List the prime factors of 2231.
23, 97
List the prime factors of 16006.
2, 53, 151
What are the prime factors of 7791?
3, 7, 53
List the prime factors of 34151.
13, 37, 71
List the prime factors of 28104.
2, 3, 1171
What are the prime factors of 411?
3, 137
List the prime factors of 79660.
2, 5, 7, 569
What are the prime factors of 163187?
53, 3079
What are the prime factors of 5510?
2, 5, 19, 29
List the prime factors of 21580.
2, 5, 13, 83
List the prime factors of 71160.
2, 3, 5, 593
What are the prime factors of 38849?
53, 733
List the prime factors of 16860.
2, 3, 5, 281
What are the prime factors of 5268?
2, 3, 439
List the prime factors of 56104.
2, 7013
List the prime factors of 4037.
11, 367
What are the prime factors of 6245?
5, 1249
What are the prime factors of 121387?
7, 17341
List the prime factors of 636.
2, 3, 53
List the prime factors of 457.
457
List the prime factors of 527.
17, 31
What are the prime factors of 468?
2, 3, 13
What are the prime factors of 7364?
2, 7, 263
List the prime factors of 2794.
2, 11, 127
List the prime factors of 3057.
3, 1019
What are the prime factors of 5835?
3, 5, 389
List the prime factors of 28964.
2, 13, 557
What are the prime factors of 82982?
2, 41491
What are the prime factors of 2347?
2347
What are the prime factors of 1518?
2, 3, 11, 23
List the prime factors of 406.
2, 7, 29
List the prime factors of 10657.
10657
What are the prime factors of 2168?
2, 271
What are the prime factors of 1203?
3, 401
What are the prime factors of 11245?
5, 13, 173
What are the prime factors of 26293?
26293
List the prime factors of 4665.
3, 5, 311
List the prime factors of 74878.
2, 29, 1291
List the prime factors of 1614.
2, 3, 269
What are the prime factors of 18001?
47, 383
What are the prime factors of 7538?
2, 3769
What are the prime factors of 183?
3, 61
What are the prime factors of 4628?
2, 13, 89
What 